 common divisor of 2053686 and 48?
6
Calculate the greatest common divisor of 100 and 288020775.
25
Calculate the greatest common factor of 106948009 and 64715.
12943
Calculate the highest common divisor of 148 and 105909022.
74
What is the highest common divisor of 2623332 and 4788?
12
What is the highest common divisor of 3175913 and 338?
13
What is the highest common divisor of 216268096 and 64?
64
Calculate the greatest common divisor of 972269596 and 133.
19
Calculate the greatest common divisor of 51605370 and 16065.
2295
What is the highest common factor of 143 and 240210399?
143
What is the highest common factor of 66 and 29083010?
22
Calculate the greatest common divisor of 134728 and 89056.
88
What is the highest common factor of 972 and 4126068?
36
Calculate the greatest common divisor of 2825 and 320142560.
565
What is the greatest common divisor of 228390764 and 588?
196
What is the highest common divisor of 25284 and 21770?
14
What is the highest common divisor of 3484 and 615276142?
1742
Calculate the highest common factor of 1970724 and 8004.
348
Calculate the highest common divisor of 3518 and 16863533.
1759
Calculate the greatest common factor of 1009118 and 66.
22
Calculate the highest common factor of 4830 and 12653130.
210
What is the greatest common factor of 4790 and 336176570?
4790
What is the highest common divisor of 186796 and 3299147?
2747
What is the highest common divisor of 197808 and 307865328?
15216
Calculate the greatest common divisor of 310 and 163160.
10
Calculate the greatest common divisor of 14000 and 29812720.
560
What is the highest common divisor of 72098734 and 153?
17
Calculate the greatest common divisor of 10158 and 170263317.
5079
What is the greatest common factor of 2026893 and 17391?
561
What is the greatest common factor of 1710 and 286505?
5
Calculate the greatest common factor of 4081097791 and 10561.
10561
Calculate the greatest common factor of 9674648 and 608.
152
What is the greatest common factor of 2 and 3580169?
1
Calculate the greatest common divisor of 434 and 823267.
31
Calculate the highest common factor of 38 and 899329.
1
Calculate the greatest common divisor of 2423485104 and 366.
366
Calculate the greatest common factor of 19923 and 16007565.
87
Calculate the highest common divisor of 34438203 and 6561.
243
What is the highest common divisor of 75653128 and 17?
17
Calculate the greatest common divisor of 41297121 and 27.
27
What is the highest common divisor of 102136 and 69976?
8
What is the greatest common factor of 279 and 733801713?
93
Calculate the highest common divisor of 7549048 and 29.
29
What is the highest common divisor of 25023 and 1608?
3
Calculate the highest common divisor of 1039353 and 12943.
301
What is the greatest common divisor of 19 and 650959?
19
Calculate the greatest common factor of 2364 and 11349958.
394
Calculate the highest common factor of 80240 and 3152888.
136
Calculate the greatest common factor of 3493 and 2810867.
499
Calculate the greatest common factor of 125110 and 5450.
10
What is the highest common factor of 8115580 and 8973?
997
Calculate the highest common divisor of 29524 and 2684627.
121
What is the highest common factor of 21470760 and 40?
40
Calculate the highest common divisor of 1037551012 and 57.
19
What is the highest common factor of 296175 and 84375?
75
What is the greatest common divisor of 28768 and 4205?
29
Calculate the highest common divisor of 15460 and 2042266.
1546
What is the highest common divisor of 2226009 and 5451?
69
Calculate the greatest common divisor of 31383 and 31020352.
3487
What is the greatest common divisor of 123 and 6401781?
123
Calculate the highest common divisor of 268 and 26776818.
134
Calculate the highest common factor of 7894 and 4423.
1
What is the greatest common factor of 6028 and 2032258?
274
What is the highest common factor of 2646 and 19263762?
882
Calculate the highest common divisor of 45067164 and 5187.
57
Calculate the highest common factor of 2261147 and 6356.
1589
Calculate the highest common divisor of 76 and 267739811.
19
Calculate the greatest common factor of 23685 and 1075170.
15
What is the highest common divisor of 236 and 46960?
4
Calculate the greatest common divisor of 631232535 and 9710.
4855
Calculate the greatest common factor of 4040919 and 7191.
423
What is the highest common divisor of 220 and 6087785?
55
Calculate the highest common factor of 7585325 and 12705.
55
What is the highest common divisor of 21606116 and 60724?
1292
Calculate the greatest common divisor of 3203579 and 127.
1
What is the greatest common divisor of 959 and 10898909?
7
What is the highest common factor of 27750 and 190875?
375
Calculate the highest common factor of 58 and 354614842.
58
Calculate the greatest common divisor of 359482 and 31771538.
3706
What is the greatest common factor of 228 and 39574284?
12
What is the highest common divisor of 18539193 and 114?
57
Calculate the greatest common factor of 26 and 35498.
2
What is the highest common divisor of 17680 and 12384177?
221
What is the greatest common divisor of 2639 and 5887973?
91
What is the highest common divisor of 3986071 and 19795?
107
What is the greatest common divisor of 58253938 and 142?
142
What is the highest common factor of 4576187 and 123291?
721
What is the greatest common divisor of 199395055 and 15?
5
What is the greatest common factor of 32304 and 80?
16
Calculate the greatest common divisor of 352048581 and 27.
9
Calculate the highest common factor of 77971 and 37056664.
757
What is the greatest common divisor of 1785 and 128044?
119
What is the greatest common divisor of 348 and 82149402?
174
What is the greatest common divisor of 2535 and 7460715?
15
Calculate the greatest common divisor of 4296 and 3039.
3
What is the highest common factor of 1185514 and 6204?
22
Calculate the highest common factor of 570 and 9194898.
114
What is the highest common divisor of 555 and 475438345?
185
What is the greatest common factor of 1602 and 156690?
18
What is the highest common divisor of 1935 and 2705517?
387
What is the highest common factor of 89 and 191290459?
89
Calculate the highest common divisor of 24608232 and 64.
8
What is the highest common factor of 220538946 and 423?
141
What is the highest common factor of 765869 and 21?
1
Calculate the highest common divisor of 1537 and 12813863.
53
What is the greatest common divisor of 23927370 and 159?
3
What is the highest common factor of 2260901 and 19276?
79
What is the highest common factor of 37505 and 429260?
65
Calculate the greatest common factor of 22442 and 914928.
98
Calculate the highest common factor of 2132 and 1080872.
52
What is the greatest common factor of 16 and 25107824?
16
What is the greatest common divisor of 615 and 24191517?
123
What is the greatest common divisor of 12337860 and 2928?
732
Calculate the highest common factor of 1721727 and 3255.
21
Calculate the highest common divisor of 17732 and 152548.
44
What is the highest common divisor of 940 and 29542085?
235
Calculate the greatest common divisor of 5162 and 2313678.
58
Calculate the highest common divisor of 402408 and 2424654.
1458
Calculate the highest common divisor of 561702 and 77328.
1074
Calculate the highest common divisor of 1468687001 and 17.
17
Calculate the highest common factor of 2529680875 and 46.
23
Calculate the greatest common divisor of 85264273 and 669.
223
Calculate the highest common factor of 44 and 38160991.
11
What is the greatest common divisor of 2496 and 636551136?
1248
Calculate the greatest common factor of 22911 and 2902263.
21
Calculate the highest common factor of 229075 and 94435.
935
What is the greatest common divisor of 40 and 300344520?
40
What is the highest common factor of 10720 and 43866080?
160
What is the greatest common divisor of 1000 and 143313250?
250
Calculate the highest common factor of 7966776 and 456.
456
Calculate the greatest common factor of 24349752 and 224.
56
Calculate the greatest common factor of 333344 and 3418670.
1894
What is the highest common divisor of 414456 and 112616?
56
Calculate the greatest common divisor of 37680477 and 114.
57
What is the greatest common factor of 3528 and 1894410756?
1764
What is the gre